der when 6747921 is divided by 41?
18
What is the remainder when 909035189 is divided by 126?
125
Calculate the remainder when 14566 is divided by 3571.
282
Calculate the remainder when 241133613 is divided by 260.
253
Calculate the remainder when 830223 is divided by 830189.
34
What is the remainder when 1647483 is divided by 189?
159
Calculate the remainder when 2922 is divided by 2195.
727
What is the remainder when 14419804 is divided by 614?
14
Calculate the remainder when 330018 is divided by 51.
48
Calculate the remainder when 442962 is divided by 1204.
1094
What is the remainder when 39713 is divided by 12312?
2777
What is the remainder when 505372 is divided by 1500?
1372
Calculate the remainder when 329820 is divided by 163321.
3178
What is the remainder when 338292123 is divided by 7624?
7619
Calculate the remainder when 68070 is divided by 34010.
50
Calculate the remainder when 32803 is divided by 307.
261
What is the remainder when 648120 is divided by 536?
96
What is the remainder when 40237896 is divided by 1494?
1488
Calculate the remainder when 434045 is divided by 1378.
1353
Calculate the remainder when 188223 is divided by 272.
271
What is the remainder when 57910 is divided by 10941?
3205
Calculate the remainder when 1812851 is divided by 604239.
134
What is the remainder when 4026261 is divided by 5956?
5
Calculate the remainder when 1155786 is divided by 1330.
16
Calculate the remainder when 17491124 is divided by 1037.
45
What is the remainder when 5307686 is divided by 1061535?
11
What is the remainder when 27919399 is divided by 9306461?
16
What is the remainder when 169541 is divided by 1883?
71
Calculate the remainder when 2330205 is divided by 71.
56
Calculate the remainder when 559946 is divided by 279667.
612
Calculate the remainder when 859900 is divided by 286625.
25
Calculate the remainder when 349051 is divided by 1656.
1291
What is the remainder when 123659 is divided by 3347?
3167
What is the remainder when 10953 is divided by 9229?
1724
What is the remainder when 14266550 is divided by 6168?
6134
What is the remainder when 23193 is divided by 4546?
463
Calculate the remainder when 53880 is divided by 17365.
1785
Calculate the remainder when 62159 is divided by 904.
687
What is the remainder when 20342324 is divided by 512?
52
Calculate the remainder when 2299017 is divided by 4923.
4899
What is the remainder when 5725077 is divided by 1817?
1527
What is the remainder when 1029626 is divided by 7150?
26
Calculate the remainder when 546116 is divided by 856.
844
What is the remainder when 958408 is divided by 2725?
1933
What is the remainder when 2479041 is divided by 234?
45
What is the remainder when 2808 is divided by 2242?
566
Calculate the remainder when 57564 is divided by 7193.
20
Calculate the remainder when 1199826 is divided by 32427.
27
What is the remainder when 352842939 is divided by 3?
0
What is the remainder when 3342933 is divided by 53062?
27
Calculate the remainder when 258442 is divided by 252309.
6133
Calculate the remainder when 18745 is divided by 79.
22
Calculate the remainder when 29549802 is divided by 329.
9
What is the remainder when 46218479 is divided by 24?
23
What is the remainder when 168885 is divided by 1534?
145
Calculate the remainder when 963194 is divided by 471.
470
What is the remainder when 356713 is divided by 20978?
87
Calculate the remainder when 3738298 is divided by 203.
53
Calculate the remainder when 4910513 is divided by 10316.
97
Calculate the remainder when 612651 is divided by 2341.
1650
What is the remainder when 232878 is divided by 6632?
758
What is the remainder when 842836 is divided by 140467?
34
What is the remainder when 1873951 is divided by 66924?
79
What is the remainder when 3527824 is divided by 5047?
5018
What is the remainder when 1482448 is divided by 211776?
16
Calculate the remainder when 208619 is divided by 269.
144
What is the remainder when 3104536 is divided by 86237?
4
What is the remainder when 35616 is divided by 1869?
105
Calculate the remainder when 228050405 is divided by 949.
11
Calculate the remainder when 685043 is divided by 26347.
21
What is the remainder when 611019 is divided by 946?
849
Calculate the remainder when 5884182 is divided by 353.
25
What is the remainder when 39788890 is divided by 393?
391
What is the remainder when 4232030 is divided by 705336?
14
Calculate the remainder when 20479938 is divided by 8801.
11
What is the remainder when 3247373 is divided by 2206?
141
What is the remainder when 8274169 is divided by 1379028?
1
What is the remainder when 265576 is divided by 5884?
796
Calculate the remainder when 90563 is divided by 3602.
513
What is the remainder when 385787093 is divided by 77?
76
What is the remainder when 2165800 is divided by 11050?
0
Calculate the remainder when 745349 is divided by 309.
41
Calculate the remainder when 1009293 is divided by 4524.
441
Calculate the remainder when 2718056 is divided by 60.
56
Calculate the remainder when 59179 is divided by 683.
441
Calculate the remainder when 631090 is divided by 828.
154
What is the remainder when 3618345 is divided by 4328?
137
What is the remainder when 764277995 is divided by 94?
91
What is the remainder when 6111927 is divided by 83725?
2
Calculate the remainder when 1785524 is divided by 255055.
139
Calculate the remainder when 41875318 is divided by 13958439.
1
What is the remainder when 26613499 is divided by 125?
124
Calculate the remainder when 747927 is divided by 70.
47
Calculate the remainder when 5673623 is divided by 1077.
1064
Calculate the remainder when 25548 is divided by 2119.
120
What is the remainder when 734159 is divided by 452?
111
Calculate the remainder when 204742 is divided by 202.
116
Calculate the remainder when 6853747 is divided by 5883.
52
What is the remainder when 5375513 is divided by 15?
8
What is the remainder when 337353 is divided by 114?
27
What is the remainder when 12297167 is divided by 2091?
2087
What is the remainder when 867856 is divided by 216946?
72
Calculate the remainder when 74822234 is divided by 216876.
14
What is the remainder when 156429 is divided by 12030?
39
What is the remainder when 5055240 is divided by 2454?
0
What is the remainder when 3182366 is divided by 3182343?
23
Calculate the remainder when 78976563 is divided by 2322840.
3
What is the remainder when 231034 is divided by 3042?
2884
What is the remainder when 53548 is divided by 4292?
2044
Calculate the remainder when 103461 is divided by 3.
0
What is the remainder when 3971710 is divided by 10370?
0
Calculate the remainder when 2731068 is divided by 396.
252
What is the remainder when 11676 is divided by 3?
0
What is the remainder when 40560124 is divided by 223?
215
What is the remainder when 3427347 is divided by 27?
21
Calculate the remainder when 2212800 is divided by 4516.
4476
What is the remainder when 9327453 is divided by 310915?
3
Calculate the remainder when 17965 is divided by 2985.
55
What is the remainder when 86395467 is divided by 38245?
12
Calculate the remainder when 601703 is divided by 1179.
413
What is the remainder when 486338 is divided by 7844?
10
What is the remainder when 3131099 is divided by 14104?
11
What is the remainder when 7100602 is divided by 236671?
472
What is the remainder when 18688303 is divided by 1016?
1015
Calculate the remainder when 20156 is divided by 9647.
862
What is the remainder when 41179 is divided by 1523?
58
Calculate the remainder when 458141 is divided by 1885.
86
Calculate the remainder when 75137026 is divided by 8236.
8234
What is the remainder when 59517 is divided by 46?
39
What is the remainder when 38026214 is divided by 253?
61
What is the remainder when 3283273 is divided by 1719?
1702
Calculate the remainder when 25961034 is divided by 120.
114
What is the remainder when 89193 is divided by 3070?
163
Calculate the remainder when 54615907 is divided by 24.
19
Calculate the remainder when 121977 is divided by 11084.
53
What is the remainder when 3191131 is divided by 3799?
3770
What is the remainder when 82242 is divided by 3076?
2266
Calculate the remainder when 883350 is divided by 88291.
440
What is the remainder when 22240599 is divided by 1823?